Suppose -5*y + 33 = 4*k - 167, y - 40 = 4*k. What is the highest common divisor of 5 and y?
5
Let w = 17 + -4. Let x(r) = r**2 - 2*r - 11. Let b be x(w). Calculate the greatest common factor of 12 and b.
12
Let d(s) = 2*s**2 - 8*s + 17. Let m be d(6). Calculate the highest common factor of 82 and m.
41
Let v be 1 + 14 - 12/3. What is the highest common factor of v and 1?
1
Let t be (14/(-2))/((-2)/22). Suppose -4*j - 59 = -5*d - 3*j, 3*d - 41 = 2*j. What is the greatest common factor of t and d?
11
Let t be (-3)/12 - 4/(-16). Suppose 5*g + j + 3*j - 1025 = t, -g + 2*j = -219. Let d = -11 - -30. Calculate the greatest common divisor of g and d.
19
Suppose 0 = 3*c + c - 144. Let u = -23 + c. What is the greatest common factor of 91 and u?
13
Let a = 7 - 5. Calculate the highest common factor of a and 18.
2
Let j(r) be the second derivative of -r**5/20 - r**3/2 - 3*r**2/2 - 2*r. Let k be j(-2). What is the highest common factor of k and 110?
11
Let u(r) = -r + 1. Let b be u(-1). Calculate the greatest common factor of b and 20.
2
Let t be 1*2*(-10 - -14). What is the greatest common divisor of 32 and t?
8
Let g be ((-4)/(-4) - -14) + -3. Calculate the greatest common divisor of g and 30.
6
Let o(l) = l**3 - 4*l**2 + 5*l - 2. Suppose 5*j - 4*h - 29 = 0, 9 = 3*j - h - 7. Let n be o(j). Calculate the highest common divisor of 12 and n.
12
Let f(m) = -3*m**3 + m + 1. Let h be f(-1). Suppose -3*i = -8*i + 5. Let x be i*-5*(-4)/10. What is the highest common factor of h and x?
1
Suppose -2*z + 57 = -4*g - 113, 2*z + 4*g = 130. What is the greatest common divisor of z and 60?
15
Let z(f) = 4*f**2 + 2*f + 2 - 5*f**2 + 4*f + 0. Let m be z(5). What is the greatest common divisor of m and 56?
7
Let n(t) = 4*t**2 - 7*t. Let y be n(5). Let q(h) = 5*h - 4. Let r = -1 - -7. Let f be q(r). Calculate the greatest common factor of f and y.
13
Let v be 70/9 - (-22)/99. Let f = v + 0. Let h be 7/(-21) + 25/3. Calculate the greatest common factor of f and h.
8
Let a(x) = 3*x - 3. Let j be a(7). Suppose 6 = 2*m - 6. Let h = m + 6. What is the greatest common factor of j and h?
6
Let v(f) = f**3 - 4*f**2 - 8*f - 3. Suppose 2*a - 21 = -a. Let j be v(a). Calculate the highest common divisor of j and 11.
11
Suppose o = 18 + 63. What is the greatest common factor of o and 9?
9
Suppose -3*f = 4*d - 262, f + 3*f = -5*d + 350. Let o(z) = 2*z - 6. Let s be o(12). What is the greatest common factor of s and f?
18
Let g(w) = 6*w**3 + 2*w**2 - 1. Suppose 4*r + 8 = 4*y, -y - y + 3 = -3*r. Let x be g(r). Calculate the greatest common factor of 56 and x.
7
Let b = -77 - -119. Suppose 4*c - b = 2*c. Let p be (2/2)/((-1)/(-3)). What is the greatest common divisor of c and p?
3
Let l = 58 - 31. Calculate the greatest common divisor of l and 189.
27
Let r(k) = 18*k - 9. Let w be r(6). Let u be 0 - (-1)/(-3) - (-1120)/120. What is the greatest common divisor of w and u?
9
Let s be (-4)/18 + (-38)/(-9). Suppose 0*n = n - s. Suppose -3*g - 23 = -8, n*i - 5*g - 73 = 0. What is the highest common divisor of i and 6?
6
Let x = 335 - 219. Suppose 0*h = 4*h - x. Calculate the greatest common factor of h and 29.
29
Let z be (-1)/((-2)/(-6)) - -6. Suppose -z*k = k - 64. Let r be (40/2)/(4/k). What is the greatest common divisor of r and 10?
10
Let z be (2 - 2 - -1)*38. Let c = 15 + 3. Suppose x = z + c. What is the greatest common factor of 8 and x?
8
Suppose 0 = b - 0*b - 36. Calculate the highest common factor of b and 84.
12
Suppose -4*p = -s - 0*p + 39, s - 2*p - 47 = 0. Suppose -y = 4*y - s. Suppose -2*d = 3*d - 605. Calculate the highest common divisor of d and y.
11
Let l be 1/(-2 + 9/4). Let d = 49 + -29. Calculate the highest common factor of l and d.
4
Let x(n) be the first derivative of -n**3/3 + 4*n**2 + 2*n - 1. Let j be x(7). Calculate the greatest common factor of j and 81.
9
Suppose 6 = 3*i - 3. Suppose -3*k = 3*z - 3, z = -i*z + 5*k + 40. Let x be 0 + 5/(z/63). Calculate the greatest common factor of 7 and x.
7
Let s = 14 + -2. What is the highest common divisor of s and 3?
3
Let x = -103 - -112. Let u be (2 + (-5)/2)*-2. Calculate the highest common factor of x and u.
1
Let u(p) = -p**3 + p**2 + p + 1. Let k be u(0). Let s = 15 - k. Calculate the highest common factor of 14 and s.
14
Let b(a) = a**3 - 6*a**2 + 3*a - 7. Let x be b(6). Suppose 2*o = o + 9. Let u be o/12 - (-1)/4. What is the greatest common factor of u and x?
1
Suppose -12*v + 516 + 84 = 0. What is the highest common divisor of v and 20?
10
Let l be (-4)/6 - (-654)/9. Suppose -2*d = -7*d + 30. Let h = 6 + d. Calculate the highest common factor of h and l.
12
Let k be (16/(-10))/(2/(-5)). Suppose k*f = 173 + 23. What is the greatest common factor of f and 7?
7
Let n(g) = g**2 - 5*g - 3. Let p be n(7). Suppose -26 + p = -k. What is the greatest common divisor of 10 and k?
5
Suppose 5*b + 2*k = -3*k + 140, 3*k = 0. Calculate the highest common divisor of b and 70.
14
Suppose 58 = 4*c - 294. What is the greatest common divisor of c and 8?
8
Suppose -1 = 2*p - 17. Suppose 30 = o - 5*h, 0 = 4*o + 2*h - p - 2. Let k be ((-32)/(-6) - 2)*3. Calculate the highest common factor of o and k.
5
Let w be 0*(-2 + 10/4). Let a = -3 - w. Let b be (-22)/a + 6/9. What is the highest common divisor of 56 and b?
8
Let w be -10*-1*(1 - 0). Let z = 13 + -8. What is the greatest common divisor of z and w?
5
Let b be 114/27 + (-2)/9. Suppose 8 = -3*v - b. Let k be (-140)/(-15)*(-6)/v. Calculate the greatest common factor of k and 112.
14
Let g(l) = 31*l**2 - 2*l + 1. Let j be g(1). Suppose 0*o + 2*x = -o - 22, -4*o + 5*x - 36 = 0. Let z = j + o. Calculate the highest common factor of 16 and z.
16
Let n = 15 + -35. Let l be ((-2 - -2) + -1)*-3. Let m be (-6)/9 - n/l. What is the highest common divisor of m and 6?
6
Let v be -1*(-10 - 3/3). What is the highest common divisor of 88 and v?
11
Suppose -5*h - 76 = -4*d, -3*h = d - 3*d + 46. Let t = h + 58. Let c = -29 + t. What is the greatest common divisor of c and 13?
13
Let d(u) = -u**2 - 3*u - 1. Let b be d(-3). Let o = b - 2. Let k = o - -75. What is the highest common factor of 8 and k?
8
Let j be (1 - 0)/(-1 + (-24)/(-27)). Let p be 2*-1*(-6 - 0). Let v = p - j. What is the highest common factor of v and 14?
7
Suppose -q + 2*q = j, 0 = q - 3. Calculate the highest common factor of j and 3.
3
Suppose -7*n - 11 = -81. What is the highest common factor of n and 4?
2
Suppose 2*v + v - 42 = -2*j, 54 = 3*v - 2*j. Suppose -2*y = -y - 10. Suppose 6 = 4*g - y. Calculate the greatest common divisor of v and g.
4
Let w be (-6 - -4) + 9/3. Suppose w = 2*t - 15. Calculate the greatest common factor of t and 24.
8
Let h = -251 - -382. Suppose t = -3*t - 236. Let z = h + t. Calculate the greatest common divisor of 9 and z.
9
Suppose 0 = -0*b + b - 18. Suppose 2*s = 25 - 1. Calculate the highest common divisor of b and s.
6
Let j(w) = -3*w + 12. Let n be j(-6). Calculate the greatest common divisor of n and 60.
30
Suppose -4*k = -4 - 12. Let s(y) = -6 + 5 + 5 + 15*y. Let z be s(k). Calculate the highest common divisor of z and 16.
16
Let d be 2/4 - 10/(-4). Suppose x + d*a - 5 = 0, 3*a - 1 = -2*x + 3*x. Suppose -2*c + 8 = 2*c, -38 = -5*y + c. What is the greatest common factor of x and y?
2
Suppose 0*p - 5*s - 4 = p, 0 = -3*s - 6. Let t be 4/(-32)*(-1 - 3)*18. What is the highest common divisor of p and t?
3
Suppose 15*m - 10*m = 165. What is the highest common divisor of m and 231?
33
Let k(g) = -g**2 + 10*g - 3. Let y be k(8). Let c(b) = 3*b**2 - 8*b. Let z be c(7). What is the greatest common factor of y and z?
13
Let w(j) = 35*j - 6. Let m be w(4). Suppose 3*l - 114 - m = 5*i, 106 = l + 3*i. Calculate the greatest common factor of 13 and l.
13
Suppose 2*x + 2*x = 40. Let t be (-5)/(-3) + 4/12. Calculate the greatest common factor of x and t.
2
Let r(w) = 5*w**2 - 3*w**2 - 3*w**2 + 81*w**3 + 1 - w + 0*w**2. Let q be r(1). Suppose q = -0*i + 2*i. What is the greatest common factor of 100 and i?
20
Let a = 3 - 8. Let o(x) = -2*x - 7. Let d be o(a). Suppose d*i - 70 = -2*i. What is the greatest common divisor of 7 and i?
7
Let m be -1 - ((-2)/2 - 4). Let c = -97 - -99. Calculate the highest common divisor of c and m.
2
Let n be 1/(-4) - 5/(-4). Let i(w) = w**2 - 11*w + 3. Let j be i(11). Calculate 